22.
20
Suppose -17*y + 436 + 618 = 0. What is the remainder when 803 is divided by y?
59
Calculate the remainder when 1285 - (8 + -64)/(-4) is divided by 26.
23
Suppose 2*j = -0*j - 2*c + 98, 4*c - 46 = -j. What is the remainder when 355 is divided by 84/10*j/20?
19
Let p(u) = 3*u**2 - 21*u - 20. Let y(w) = w + 4. Let t be y(-5). What is the remainder when 10 + (0 - t)*-1 is divided by p(8)?
1
Let s(d) = -d**3 - 14*d**2 + 32*d + 7. Suppose -6 = 3*h, -15*q + 10*q + 4*h + 163 = 0. What is the remainder when q is divided by s(-16)?
3
Let s be ((-220)/(-50))/((-2)/(-10)). Suppose 2*f - 26 = -s. What is the remainder when 136/(1 + 3) - f is divided by 17?
15
Let k(j) = 21*j + 1. Let m = 42 - 32. What is the remainder when k(3) is divided by ((-75)/m)/5*(-104)/12?
12
Suppose 1443 = 6*t - 1053. Suppose -2*z - u + 424 = 0, 31*z - u - t = 29*z. Calculate the remainder when z is divided by 57.
39
Suppose 11*k - 10*k - 3*o - 390 = 0, -5*k + 1960 = -5*o. Calculate the remainder when k is divided by 96.
9
Suppose 0 = 59*u - 69*u + 190. Calculate the remainder when 202 - (-2)/3*(-135)/(-30) is divided by u.
15
Let y = -5183 - -5346. Calculate the remainder when y is divided by 55.
53
Let k(y) = 4*y + 21. Let h be k(-5). Let a(i) = 8*i**2 - i + 1. Let w be a(h). Suppose 5*s - 42 - w = 0. Calculate the remainder when s is divided by 4.
2
Let n(k) = -4*k + 147. Let h be n(20). Let z = h - 56. What is the remainder when 185 is divided by z?
9
Let s = 51 + 114. Let k = -36 - -78. What is the remainder when s is divided by k?
39
Let y(n) = -21*n + 222. Let w be y(7). Suppose -2*s + w = -5*f, -2*f - f + 99 = 2*s. What is the remainder when 267 is divided by s?
42
Suppose -3*a + s = -100, 97 = 2*a - 3032*s + 3027*s. Let c = 24 + -5. Calculate the remainder when a is divided by c.
12
Suppose -4*l + 2*l + 4*a = 28, 12 = -2*l - 4*a. Let d = 114 - l. What is the remainder when d is divided by 63?
61
Let g(u) = 6*u - 13. What is the remainder when 2 - (-190)/6 - (70/15)/(-14) is divided by g(7)?
5
Let j = -1771 - -1854. Calculate the remainder when j is divided by 122/14 + 6/21.
2
Let a = -83 + 79. Let m be (a/14)/(66/14 - 5). Calculate the remainder when 26 is divided by (-4 + 1)/(0 + m + -2).
2
Let z = 325 + -316. Suppose 0 = 2580*b - 2577*b - 942. What is the remainder when b is divided by z?
8
Let m = -73 - -96. Suppose -d + 4*y - m = -4, -5*y + 23 = -d. Let x(g) = -22*g - 26. What is the remainder when 116 is divided by x(d)?
36
Let b(o) = -11*o + 281. Let n be b(25). Suppose 197 = 4*x + k, 5*k - n*k - 146 = -3*x. What is the remainder when 192 is divided by x?
45
Suppose 18 = 2*i - 4*k, 2*k - 21 = -2*i - 3. Let s(n) = 73 - 73 - 26*n. Calculate the remainder when s(-2) is divided by i.
7
Suppose 78*b - 77*b = -5*y + 1126, 0 = y + 4*b - 248. Calculate the remainder when y is divided by 45.
44
Suppose 2*v - 126 = -v - 2*r, 0 = -2*v + 4*r + 100. Let d = 46 - v. Calculate the remainder when d/((-4)/(-6)) + 30 is divided by 4.
1
Let h(m) = -14*m**3 - 2*m**2 - 5*m - 8. Calculate the remainder when 215 is divided by h(-2).
3
Suppose 3*t - 7*u + 8*u - 468 = 0, -350 = -2*t - 7*u. What is the remainder when 744 is divided by t?
128
Suppose 104*m = 3*h + 100*m - 29581, m - 19739 = -2*h. What is the remainder when h is divided by 30?
27
Let f = -58 - -49. Let r(q) = -q**3 - 8*q**2 + 6*q - 17. Let t(v) = -7*v - 6. What is the remainder when t(-5) is divided by r(f)?
9
Suppose 14 = 6*t - 4. Suppose t*j - 100 - 2 = 0. Calculate the remainder when (-15)/(10/(-2)) - -97 is divided by j.
32
Let m(j) = -15*j**2 + 3*j - 15. Let h be m(4). Let z = 350 + h. What is the remainder when z is divided by 19?
12
Let c = 24875 + -19831. What is the remainder when c is divided by 58?
56
Suppose 0 = -6*o - 25*o + 868. What is the remainder when (875/o)/((-1)/(-8)*2) is divided by 13?
8
Calculate the remainder when 370 is divided by ((-20)/(-12))/(5/(-90)*-2).
10
Let m = 155 + -160. Calculate the remainder when (1 + -9 - m) + 71 is divided by (-1 - 33/(-12))*8.
12
Let c = -28 - -39. Suppose -5067 = -102*q + 1089 + 474. Calculate the remainder when q is divided by c.
10
Suppose 6*s + 190 = 4*g, 3*s - 8 = -23. What is the remainder when 507 is divided by g?
27
Calculate the remainder when 184 is divided by 6/(-9) + -215*(-7)/315*6.
16
Let s = -26833 + 26958. Let u = 88 + -12. What is the remainder when s is divided by u?
49
Suppose 17 + 73 + 342 = 16*o. What is the remainder when 608 is divided by o?
14
Let a be 0 - -2 - (-8)/(-3 - -11). Suppose 60 = 5*s + 4*k, -a*s + 29 = 2*k - 9. What is the remainder when 188 is divided by s?
12
Let y(s) = -18 - s**3 + 34 + 11 + 0*s**3 + 8*s**2. What is the remainder when 77 is divided by y(8)?
23
Let a(t) = t**3 - 6*t**2 - 2*t + 13. Let k(v) = 2*v. Let x(q) = a(q) + 3*k(q). What is the remainder when x(6) is divided by 5?
2
Suppose 6304 + 2646 = 25*w. Suppose -g - w = -371. Calculate the remainder when g is divided by 6.
1
Suppose 42*q - 355 = 149. Suppose -q*b + 248 = 68. What is the remainder when 192 is divided by b?
12
Let w(m) = -m**3 - 29*m**2 + 138*m + 271. Calculate the remainder when 1667 is divided by w(-33).
61
Let d = 30 - 19. Let q = 123 - d. Suppose -q = -4*t - 4*t. What is the remainder when 52 is divided by t?
10
Let u be 12/(1 - 2)*(-6)/4. What is the remainder when 27 is divided by (-12)/u*(-8 + -1)?
3
Let o be (-328)/(-32) - (-6)/8. Let b(u) be the third derivative of u**4/6 + 7*u**3/3 + 5*u**2. What is the remainder when b(o) is divided by 15?
13
Let a = -2984 - -3039. What is the remainder when 10889 is divided by a?
54
Let l(z) = -z + 7*z - z + 25 - 3*z. Let f be l(-10). Suppose -2*u = -f - 15. What is the remainder when 49 is divided by u?
9
Suppose 4*h + 4*s = 23 + 61, -2*s = -2. Let c = -91 + 129. Let a = c - h. Calculate the remainder when 105 is divided by a.
15
Let k = -79 - 20. Let r = k + 102. Suppose r*f + s = 52, 2*s - 7 - 7 = -f. Calculate the remainder when 34 is divided by f.
16
Suppose 2*u - 16 + 10 = 0. Let j = u + 19. Suppose 4*o - 24 = -4. What is the remainder when j is divided by o?
2
Let j(l) be the first derivative of l**3/3 - 15*l**2 - 90*l - 77. Calculate the remainder when 411 is divided by j(34).
43
Let q = 1483 - 1111. Calculate the remainder when q is divided by 65.
47
Let n = 255 - 244. Suppose -5*k = 5*t - 1480, -5*k - t = 3*t - 1478. What is the remainder when k is divided by n?
8
What is the remainder when 487 is divided by 19/171 - 808/(-18)?
37
Let v = 6092 + -6071. Suppose 6*o - 412 = 2*o. What is the remainder when o is divided by v?
19
Let d = -126 - -136. Let t(q) = -2*q**3 + 11*q**2 - 6*q + 7. Let k be t(5). Suppose k*g - 28 = -2*g. Calculate the remainder when d is divided by g.
3
Let z(d) = -d - 73. Let y be z(-73). Suppose 3*g - 12 = 3*c, -3*g - 18 = 3*c - 0*g. What is the remainder when 87 is divided by (-4 - y/c) + 51?
40
Suppose 2*a = 229 + 461. Let b = 870 - 874. What is the remainder when 43 is divided by b/(-6)*a/10?
20
Suppose -4*y = -8*y - 8. Calculate the remainder when (-39 + 1)*5/40*-4 is divided by y/1*(-2 - 4).
7
Suppose 199*d = 158*d + 41. Calculate the remainder when 333 is divided by d.
0
What is the remainder when (-45900)/40*(4 - 4/(-6)*-7) is divided by 191?
1
Let o(i) = 2*i**2 + 43*i - 42. Calculate the remainder when ((-52)/7)/((-9)/189) is divided by o(-23).
21
Suppose 25*i - 148 = 21*i. Suppose 9 = -4*x + 33. Suppose -12*s + x*s + 72 = 0. What is the remainder when i is divided by s?
1
Let o be 7/(-7)*1 + 322/1. Let b = 326 - o. Let s(p) = -9*p - 3. What is the remainder when s(-3) is divided by b?
4
Suppose -162*v - 12 = -2*g - 158*v, 2*v + 18 = 3*g. What is the remainder when (-4 - -2)*57/(-2) is divided by g?
3
Let a = -632 + 1086. Let r = a - 426. Calculate the remainder when 334 is divided by r.
26
Suppose 4*s + 0*s = -144. Let k be 188*(-6)/s + (-1)/3. Suppose -141 + k = -j. Calculate the remainder when j is divided by 28.
26
Suppose -240 = 9*f + 6*f. Let q = -13 - f. Let w = 95 - 66. What is the remainder when w is divided by q?
2
Let i = 2238 - 2151. Let n = -39 - -83. What is the remainder when i is divided by n?
43
Let d = 8 + 109. Let i(s) = s**3 + 24*s**2 - 68*s - 1615. Calculate the remainder when d is divided by i(-24).
15
Let w(j) = -j**3 - 17*j**2 - 16*j +